= y*s. Calculate c(s).
3
Let t(n) be the second derivative of -2*n**2 + 0*n**3 + 1/20*n**5 + 7*n + 0 + 1/4*n**4. Determine t(-3).
-4
Let p(i) = -9*i**2 + 3*i - 11. Let q(g) = 4*g**2 - g + 5. Let a(d) = 3*p(d) + 7*q(d). Let r be a(-2). Let n(z) = 1 + r*z + 3 - 2*z + 2*z. What is n(-3)?
-2
Let y(w) = -5*w**3 + 4. Let b(i) = -i**3 - i**2 + 1. Let s(p) = -4*b(p) + y(p). Let q(n) = n**2 - 8*n - 4. Let k be q(7). Let x = -7 - k. Determine s(x).
0
Let v be (-9)/(-3) + 0 + 2. Let x(a) = -v*a**2 + 0 - a - a**3 - a - 5. Let m(i) = -i - 5. Let c be m(0). Give x(c).
5
Let d be (-258)/30 - (-2)/(-5). Let b = d - -5. Let k(t) = -t**3 - 5*t**2 - 2*t - 2. What is k(b)?
-10
Let v = -69 + 69. Let g(c) be the third derivative of 7/24*c**4 + 1/10*c**5 + v + 1/120*c**6 + c**2 + 5/6*c**3 + 0*c. Give g(-5).
-5
Let o(a) be the second derivative of a**5/20 - a**4/4 - 5*a**3/6 + 4*a**2 - 4*a. Let n(j) = j**2 + j - 1. Let s(r) = 4*n(r) + o(r). Calculate s(0).
4
Let u be 14/(-8) + (-5)/20. Let p(j) be the third derivative of 0 + 1/30*j**5 - 1/12*j**4 - 1/2*j**3 + 0*j - j**2. Calculate p(u).
9
Let x(v) = -3*v + 4. Suppose 25 = -9*r + 4*r. Let f = -11 - r. Let j be -3*3/(f/2). Determine x(j).
-5
Suppose -4*s + 3*i + 2 = 4*i, 2*i - 4 = 5*s. Let n(m) = m**2 - 1. What is n(s)?
-1
Let v(x) = 22*x - 39*x + 19*x - 1. Calculate v(-2).
-5
Let f(h) = -64*h**2 + h + 65*h**2 - 5 + 3. Determine f(3).
10
Let l(n) = -n**3 + 5*n**2 - 5. Let r be l(5). Let q(m) = -m**2 - 8*m - 7. Calculate q(r).
8
Let x(k) be the third derivative of -k**6/120 + k**5/12 + 7*k**4/24 + k**3/3 + k**2. Determine x(6).
8
Let g(m) = -m**3 + m**2 - m. Let l(a) = 5*a**3 - 7*a**2 + 11*a + 3. Let h(s) = 6*g(s) + l(s). Let p be 4/(-18) - (-114)/27. Suppose 5*n = -11 - p. Give h(n).
6
Let p(o) = o. Suppose 0 = -5*n + 8 - 108. Let c be (-6)/(-10) + 52/n. Calculate p(c).
-2
Let w(a) = 46*a**2 + 43*a**2 + 0*a**3 - 3 + 2*a - a**3 - 87*a**2. Give w(2).
1
Let q(a) = -a + 3. Let u be q(0). Suppose i - 10 = 5*l, -u*l + 5 + 1 = -3*i. Let z(f) = -f**3 - 5*f**2 - 5. Give z(i).
-5
Let h(c) = c. Suppose -5*a = 3*p, 0*a - 2*p = 5*a. Suppose 4*i - 8 = -a. Suppose 0 = 5*x - 3*t - 14, i*x = t - 2*t - 1. Calculate h(x).
1
Let h(v) = -v**2 - 5*v + 5. Let a(f) = f**2 + 6*f - 6. Let o(c) = -5*a(c) - 6*h(c). Give o(1).
1
Let h be (-4)/(-2) + 0 + 2. Let c = 8 - h. Let g(l) = -l**3 + 4*l**2 - 3*l + 4. Determine g(c).
-8
Let q(a) be the third derivative of a**4/24 - 13*a**3/6 + 44*a**2. Let g be 1*(0 - (-7 - -1)). What is q(g)?
-7
Let o(t) be the second derivative of t**4/12 - 5*t**3/6 + t**2 - 6*t. Suppose 2*z + 3 = -2*b + 9, 0 = -5*b - 2*z + 15. Calculate o(b).
-4
Let o(u) = u**2 + 10*u + 15. Let q be o(-6). Let m(d) = d**3 + 8*d**2 - 12*d - 11. Give m(q).
16
Let a(v) = -v**3 - 6*v**2 - 4*v + 7. Let m be a(-5). Suppose -t - m*t = 4*h - 14, -h + 11 = -3*t. Let q(d) = 3 - 3*d - 3 + 1. Give q(t).
7
Let c = -25 - -23. Let x(m) be the first derivative of m**4/4 + m**3 + 2*m**2 + 2*m + 1. Give x(c).
-2
Let n(b) = b**3 + 2*b**2 - 2*b + 2. Let r(c) = c - 3. Let q be r(3). Suppose -3*k + 3*l - 15 = 0, -3*k = 3*l - q + 3. Give n(k).
-1
Suppose -3*b = -6*j + 4*j - 1, -b = 4*j + 9. Let o(q) = q**2 + q + 1. Determine o(j).
3
Let x = 25 - 13. Let b = -20 + x. Let k be (-1)/((-2)/b + 0). Let y(r) = r**3 + 5*r**2 + 3*r - 1. What is y(k)?
3
Let c(t) = 2*t - 8. Let m(h) = h**3 - h**2 + 8. Let s be m(0). Suppose -3*a + 2 = -5*y - 26, 2*a - s = -2*y. What is c(a)?
4
Let g(j) = -j + 2. Suppose 4*x = -5*t - 21, 3*x = x - 2*t - 10. Give g(x).
6
Suppose r + 12 = 3*k, -2*r - 21 = 3*k - 8*k. Suppose -7 = 5*y - 2. Let s(v) = 4*v - 3. Let x(a) = -a. Let c(g) = y*s(g) - 2*x(g). Give c(k).
-3
Let o be 1/3*(1 + 8). Let m(t) = t**3 - 3*t**2 - 4*t + 4. Calculate m(o).
-8
Let g(y) = -2*y - 1. Let r(v) = 2*v**2 + 1 + 0 - 5*v**3 + 0*v + 2*v. Let l be r(-1). Suppose l = 3*j + o, -5*o + 11 + 9 = 5*j. What is g(j)?
-3
Let k(f) = 2*f. Let y be k(0). Let n(o) = -5*o**3 + y*o**2 + 4*o**3 + 7 + 0*o**2 - 5*o**2 + o. What is n(-5)?
2
Let w(f) = -f**2 - 2 + 6*f - 3 + 0*f**2. Suppose -5*r + 11 = -3*z, -3*z = -8*z + 15. Determine w(r).
3
Let f(t) = t**3 - 6*t**2 + 4*t + 5. Suppose 3*k + 4*b - 3 = -5, 5*k - 4*b = 18. Let d(h) = 5 + h + h**3 - h**k + 4*h**3 - 4*h**3. Let n be d(0). Determine f(n).
0
Let h be (2/3)/((-2)/(-3)). Let a(i) be the first derivative of 0*i**2 - i + 7/3*i**3 - h. Calculate a(-1).
6
Let k(n) = n**2 + 6*n + 2. Let o(b) = 3*b**3 - 2*b**2 - b + 2. Let a be o(2). Suppose v - 3 = a. Suppose -4*t - v = g, -9*t + 7*t - 5 = -g. Calculate k(t).
-6
Let k(f) be the third derivative of -f**4/12 + f**3/2 + f**2. Determine k(4).
-5
Let x(l) = -6 - l + 2*l + 15. Let b be x(-8). Let q = b + -1. Let t(z) = -z**3 - 5. Give t(q).
-5
Suppose i - 4 = 2*t - 3*i, -5*i = t + 16. Let v(r) = 2*r + 6. Give v(t).
-6
Let o(t) = -t**2 - t - 1. Let f(v) = 6*v**2 + 2*v + 5. Let y(g) = -f(g) - 5*o(g). Let k = -17 - -20. Calculate y(k).
0
Suppose -3*r + 16 = a, 4*a - 2*r = 4 + 4. Suppose 3*y - 8*y = -a*c + 15, -2*y + 17 = 3*c. Let h(k) = -6*k**2 - 2*k + 1. What is h(y)?
-7
Suppose 4*r = -2*u - 2*u + 44, -1 = -3*r + 5*u. Let y(g) = -g**2 + 8*g - 10. Calculate y(r).
-3
Let o(m) = -m + 1. Let c(d) = 3*d - 3. Let q(x) = -6*c(x) - 17*o(x). Let n be q(-4). Let b(w) = -3*w**3 + 2*w**3 - 7*w - 4*w**2 + w + 2*w**3. Calculate b(n).
-5
Let c(f) = -f**3 - f**2 - f + 2. Let d be (4/(-6))/(1/(-6)). Let z(u) = 2*u**2 + 4*u + 2. Let l be z(-2). Let x = l - d. What is c(x)?
8
Let u(h) be the first derivative of -h**4/4 - 5*h**3/3 + 4*h**2 + 4*h - 16. Calculate u(-6).
-8
Let u(m) = 22*m + 5. Let r(q) = -20*q - 4. Let f(p) = -4*r(p) - 3*u(p). Calculate f(-1).
-13
Suppose -2*r + 12 = 3*d - 0*r, 0 = d - r + 1. Let l be 4/8 - (-11)/d. Let j(b) be the first derivative of -b**4/4 + 5*b**3/3 + 2*b**2 + 8*b - 64. Give j(l).
-4
Let g(f) be the third derivative of -f**4/3 + f**2. Calculate g(1).
-8
Let c(j) = 6*j**2 - 8*j - 203*j**3 + 4 + j + 202*j**3. Calculate c(5).
-6
Let u(a) = 4*a**2 - a - 3. Let x(c) = c**2 + c. Let f(o) = u(o) - 5*x(o). Give f(-4).
5
Let q(v) = 3*v + 1. Let k be (0/(-2) - -1)*-7. Let u = 0 - k. Let b = -5 + u. Give q(b).
7
Let y(q) = -2*q**3 + 4*q**2 - 2*q - 2. Suppose 2 = -w + 4. Let i be (w/(-1))/(2/(-2)). Determine y(i).
-6
Let q(i) = -i - 1. Suppose 5*x - 21 = -3*w + 4*w, 3*w = 5*x - 13. Calculate q(x).
-6
Let t = 62 + -58. Let n(m) = -2*m - 1. Calculate n(t).
-9
Let b be -8 + -2 + 1 - 3/(-1). Let w(c) = -c - 2. Determine w(b).
4
Let r(b) be the second derivative of 5*b**3/6 + b**2/2 + 6*b. Calculate r(1).
6
Let v(l) = l**3 + 3*l**2 - l - 1. Let r be v(1). Let h(k) be the third derivative of 0 + r*k**2 + 0*k**4 + 1/3*k**3 + 0*k - 1/60*k**5. Give h(3).
-7
Let o(b) = -2*b + 3 + 1 + 0 - 3. Calculate o(-2).
5
Let l(h) = -h - 2. Let k be l(-6). Let n(y) = 4*y + y**2 + 4 + y**2 - 2*y**2 - y**2. Give n(k).
4
Suppose 2*w - p = p - 6, -2*w + p - 5 = 0. Let j(v) = 3*v**2 + 4*v + 2. What is j(w)?
6
Let z(k) = -k**2 - k + 1. Let v = -4 - -8. Let y(u) = 3*u**2 + 4*u. Let t(l) = v*z(l) + y(l). Determine t(3).
-5
Let z be 4 + 3/(-1) + 2. Suppose 0 = -3*k - 2 + 8. Let c(t) = 4 + 0*t**2 + t**k - 2*t**2 - 1. Determine c(z).
-6
Let o(p) be the first derivative of -p**3 - 3*p**2/2 + 3*p - 16. Give o(-3).
-15
Let x(y) = y**3 - 6*y**2 + y + 7. Let w be 0 + 1 + 0 - -5. Determine x(w).
13
Let k(t) = -t**2 + 9*t - 10. Let a be 12/(21/(-6) - -5). Calculate k(a).
-2
Let w(u) = 0*u**2 - 3*u**2 + u + 4*u**2. Suppose 5*c - 2*c + 1 = 2*h, -4*h - 10 = -2*c. What is w(c)?
6
Let z(d) = -d**3 - 7*d**2 - 2. Let g(c) = -c**3 - 8*c**2 - c - 1. Let u(m) = -2*g(m) + 3*z(m). What is u(-5)?
-14
Let d(q) = -9*q**3. Let c = 51 + -52. What is d(c)?
9
Suppose -2*s + 19 = 5*o, 0*o + 9 = 3*o. Let r(z) = -3*z**2 + 16*z + 1. Let j(u) = 4*u - 8*u + 2*u**2 - 1 - 7*u. Let f(v) = 7*j(v) + 5*r(v). Give f(s).
0
Let i(q) = q**3 - 2*q**2 - 5*q + 2. Suppose 0 = -d - 4*t - t + 24, 3*d - 4*t + 4 = 0. Suppose 3*g = -g + d. Let k be 1 + 1 - (g + -2). What is i(k)?
-4
Suppose -5*k - 4*p - 7 = 0, -4*k - 2*p + p = -1. Let s = k - -1. Suppose h = 4*v - 9, v + 3*h + 24 = -s*h. Let l(z) = -3*z**2 - z. Calculate l(v).
-4
Suppose 4*d + 20 = 2*t, 2*t + 2 = 10. Let f be -5 + 6/(0 - d). Let o(k) = k**3 + 2*k**2 - 4*k - 1. Calculate o(f).
2
Let p(z) = -z - 2. Let y =